{"id":2788,"date":"2023-09-13T12:32:58","date_gmt":"2023-09-13T09:32:58","guid":{"rendered":"http:\/\/certo.inoe.ro\/test\/?page_id=2788"},"modified":"2025-12-08T15:27:32","modified_gmt":"2025-12-08T13:27:32","slug":"echipa-noastra","status":"publish","type":"page","link":"https:\/\/certo.inoe.ro\/test\/ro\/echipa-noastra\/","title":{"rendered":"Echipa noastra"},"content":{"rendered":"\n[et_pb_section fb_built=&#8221;1&#8243; _builder_version=&#8221;4.21.0&#8243; global_colors_info=&#8221;{}&#8221;][et_pb_row column_structure=&#8221;1_3,1_3,1_3&#8243; _builder_version=&#8221;4.21.0&#8243; global_colors_info=&#8221;{}&#8221;][et_pb_column type=&#8221;1_3&#8243; _builder_version=&#8221;4.16&#8243; _module_preset=&#8221;default&#8221; global_colors_info=&#8221;{}&#8221;][et_pb_team_member name=&#8221;Monica Dinu&#8221; position=&#8221;Cercet\u0103tor \u0218tiin\u021bific I &#8211; Coordonator&#8221; image_url=&#8221;https:\/\/certo.inoe.ro\/test\/wp-content\/uploads\/2023\/11\/Monica-Dinu.webp&#8221; _builder_version=&#8221;4.21.0&#8243; _module_preset=&#8221;default&#8221; width=&#8221;96.5%&#8221; max_width=&#8221;100%&#8221; custom_padding=&#8221;|0px||2px||&#8221; global_colors_info=&#8221;{}&#8221;]<p>Monica Dinu este Cercet\u0103tor \u0218tiin\u021bific I \u00een cadrul INOE2000. De\u021bine un masterat \u00een spectroscopie, plasm\u0103, lasere \u0219i un doctorat \u00een fizic\u0103 ob\u021binut la Universitatea Politehnic\u0103 din Bucure\u0219ti. Principalele sale interese de cercetare \u0219i experien\u021ba sa se concentreaz\u0103 pe tehnicile spectroscopice cu laser pentru investigarea \u0219i diagnosticarea operelor de art\u0103, precum \u0219i pe studii privind efectele laserelor \u00een stare solid\u0103 asupra diferitelor materiale.<\/p>[\/et_pb_team_member][et_pb_code _builder_version=&#8221;4.21.0&#8243; custom_margin=&#8221;|113px||||&#8221; global_colors_info=&#8221;{}&#8221;]<div target=\"_blank\" style=\"text-align: center;\"><!-- [et_pb_line_break_holder] --><a href=\"https:\/\/www.researchgate.net\/profile\/Monica_Dinu4\"><!-- [et_pb_line_break_holder] --><img decoding=\"async\" style=\"\"width=\"25\" src=\"https:\/\/i0.wp.com\/certo.inoe.ro\/test\/wp-content\/uploads\/2020\/09\/researchgate.png?w=25\" data-recalc-dims=\"1\"\/><!-- [et_pb_line_break_holder] -->  <!-- [et_pb_line_break_holder] --><\/a><!-- [et_pb_line_break_holder] --><a target=\"_blank\" href=\"http:\/\/certo.inoe.ro\/test\/wp-content\/uploads\/2023\/06\/5.-CV.pdf\" rel=\"noopener noreferrer\"><!-- [et_pb_line_break_holder] --><img decoding=\"async\" style=\"margin-left:25px; opacity: .5\" src=\"https:\/\/i0.wp.com\/certo.inoe.ro\/test\/wp-content\/uploads\/2020\/09\/resumelogo.png?w=25\" data-recalc-dims=\"1\"\/><!-- [et_pb_line_break_holder] -->  <!-- [et_pb_line_break_holder] --><\/a><!-- [et_pb_line_break_holder] --><\/div>[\/et_pb_code][\/et_pb_column][et_pb_column type=&#8221;1_3&#8243; _builder_version=&#8221;4.21.0&#8243; _module_preset=&#8221;default&#8221; global_colors_info=&#8221;{}&#8221;][et_pb_team_member name=&#8221;Lauren\u021biu-Marian Anghelu\u021b\u0103&#8221; position=&#8221;Cercet\u0103tor \u0218tiin\u021bific II&#8221; image_url=&#8221;http:\/\/certo.inoe.ro\/test\/wp-content\/uploads\/2020\/09\/img_la-248&#215;300.jpg&#8221; _builder_version=&#8221;4.21.0&#8243; width=&#8221;100%&#8221; max_width=&#8221;100%&#8221; custom_padding=&#8221;|2px||||&#8221; global_colors_info=&#8221;{}&#8221;]<p>Lauren\u021biu a absolvit Facultatea de Informatic\u0103 \u0219i Fizic\u0103 la Universitatea de Vest din Timi\u0219oara \u0219i a ob\u021binut at\u00e2t masterul, c\u00e2t \u0219i doctoratul \u00een fizic\u0103 la Universitatea din Bucure\u0219ti. Principalul s\u0103u domeniu de activitate este cercetarea metodelor de digitazare 3D a bunurilor de patrimoniu cultural. Abilit\u0103\u021bile sale principale sunt fotografia, fotogrametria, operarea UAS, dezvoltarea de baze de date, web design.<\/p>[\/et_pb_team_member][et_pb_code _builder_version=&#8221;4.16&#8243; custom_padding=&#8221;2px|195px||||&#8221; global_colors_info=&#8221;{}&#8221;]<div style=\"text-align: center;\"><!-- [et_pb_line_break_holder] --><a href=\"https:\/\/www.researchgate.net\/profile\/Laurentiu_Angheluta\" target=\"_blank\" rel=\"noopener noreferrer\"><!-- [et_pb_line_break_holder] --><img decoding=\"async\" style=\"\"width=\"25\" src=\"https:\/\/i0.wp.com\/certo.inoe.ro\/test\/wp-content\/uploads\/2020\/09\/researchgate.png?w=25\" data-recalc-dims=\"1\"\/><!-- [et_pb_line_break_holder] -->  <!-- [et_pb_line_break_holder] --><\/a><!-- [et_pb_line_break_holder] --><a target=\"_blank\" href=\"http:\/\/certo.inoe.ro\/test\/wp-content\/uploads\/2022\/02\/2022_Angheluta_CV_EN_ianuarie.pdf\" rel=\"noopener noreferrer\"><!-- [et_pb_line_break_holder] --><img decoding=\"async\" style=\"margin-left:25px; opacity: .5\" src=\"https:\/\/i0.wp.com\/certo.inoe.ro\/test\/wp-content\/uploads\/2020\/09\/resumelogo.png?w=25\" data-recalc-dims=\"1\"\/><!-- [et_pb_line_break_holder] -->  <!-- [et_pb_line_break_holder] --><\/a><!-- [et_pb_line_break_holder] --><\/div>[\/et_pb_code][\/et_pb_column][et_pb_column type=&#8221;1_3&#8243; _builder_version=&#8221;4.16&#8243; _module_preset=&#8221;default&#8221; global_colors_info=&#8221;{}&#8221;][et_pb_team_member name=&#8221;Roxana R\u0103dvan&#8221; position=&#8221;Cercet\u0103tor \u0218tiin\u021bific I &#8211; Fondator CERTO&#8221; image_url=&#8221;http:\/\/certo.inoe.ro\/test\/wp-content\/uploads\/2020\/10\/img_rr.jpg&#8221; _builder_version=&#8221;4.21.0&#8243; width=&#8221;79.1%&#8221; max_width=&#8221;100%&#8221; min_height=&#8221;554px&#8221; custom_margin=&#8221;|-51px|121px|||&#8221; global_colors_info=&#8221;{}&#8221;]<p>Roxana a absolvit facultatea de Optic\u0103 Aplicat\u0103 \u0219i Mecanic\u0103 Fin\u0103 \u00een 1990 la Universitatea Politehnica din Bucure\u0219ti \u0219i a ob\u021binut titlul de doctor \u00een Optic\u0103 Neconven\u021bional\u0103 \u00een anul 1996 \u00een cadrul Academiei Tehnice a Armatei din Bucure\u0219ti.<\/p>[\/et_pb_team_member][et_pb_code _builder_version=&#8221;4.16&#8243; custom_margin=&#8221;|189px||||&#8221; global_colors_info=&#8221;{}&#8221;]<div target=\"_blank\" style=\"text-align: center;\"><!-- [et_pb_line_break_holder] --><a href=\"https:\/\/www.researchgate.net\/profile\/R_Radvan\"><!-- [et_pb_line_break_holder] --><img decoding=\"async\" style=\"\"width=\"25\" src=\"https:\/\/i0.wp.com\/certo.inoe.ro\/test\/wp-content\/uploads\/2020\/09\/researchgate.png?w=25\" data-recalc-dims=\"1\"\/><!-- [et_pb_line_break_holder] -->  <!-- [et_pb_line_break_holder] --><\/a><!-- [et_pb_line_break_holder] --><a target=\"_blank\" href=\"\" rel=\"noopener noreferrer\"><!-- [et_pb_line_break_holder] --><img decoding=\"async\" style=\"margin-left:25px; opacity: .5\" src=\"https:\/\/i0.wp.com\/certo.inoe.ro\/test\/wp-content\/uploads\/2020\/09\/resumelogo.png?w=25\" data-recalc-dims=\"1\"\/><!-- [et_pb_line_break_holder] -->  <!-- [et_pb_line_break_holder] --><\/a><!-- [et_pb_line_break_holder] --><\/div>[\/et_pb_code][\/et_pb_column][\/et_pb_row][et_pb_row column_structure=&#8221;1_3,1_3,1_3&#8243; _builder_version=&#8221;4.21.0&#8243; _module_preset=&#8221;default&#8221; global_colors_info=&#8221;{}&#8221;][et_pb_column type=&#8221;1_3&#8243; _builder_version=&#8221;4.16&#8243; _module_preset=&#8221;default&#8221; global_colors_info=&#8221;{}&#8221;][et_pb_team_member name=&#8221;Lumini\u021ba Ghervase&#8221; position=&#8221;Cercet\u0103tor \u0218tiin\u021bific II&#8221; image_url=&#8221;http:\/\/certo.inoe.ro\/test\/wp-content\/uploads\/2020\/09\/img_lg-248&#215;300.jpg&#8221; _builder_version=&#8221;4.21.0&#8243; width=&#8221;100%&#8221; max_width=&#8221;100%&#8221; min_height=&#8221;552.4px&#8221; custom_padding=&#8221;|0px|68px|||&#8221; global_colors_info=&#8221;{}&#8221;]<p>Lumini\u021ba de\u021bine doctoratul \u00een fizic\u0103, ob\u021binut \u00een cadrul Universit\u0103\u021bii din Bucure\u0219ti. Principalele sale interese de cercetare includ utilizarea tehnicilor spectroscopice pentru investigarea obiectelor de patrimoniu cultural, cu accent pe spectrocscopia de fluorescen\u021b\u0103 indus\u0103 de laser \u0219i spectroscopia de fluorescen\u021b\u0103 cu raze X.<\/p>[\/et_pb_team_member][et_pb_code _builder_version=&#8221;4.21.0&#8243; min_height=&#8221;37.9px&#8221; custom_margin=&#8221;|198px||||&#8221; global_colors_info=&#8221;{}&#8221;]<div target=\"_blank\" style=\"text-align: center;\"><!-- [et_pb_line_break_holder] --><a href=\"https:\/\/www.researchgate.net\/profile\/Luminita_Ghervase\"><!-- [et_pb_line_break_holder] --><img decoding=\"async\" style=\"\"width=\"25\" src=\"https:\/\/i0.wp.com\/certo.inoe.ro\/test\/wp-content\/uploads\/2020\/09\/researchgate.png?w=25\" data-recalc-dims=\"1\"\/><!-- [et_pb_line_break_holder] -->  <!-- [et_pb_line_break_holder] --><\/a><!-- [et_pb_line_break_holder] --><a target=\"_blank\" href=\"http:\/\/certo.inoe.ro\/test\/wp-content\/uploads\/2022\/02\/Ghervase-CV-2022.pdf\" rel=\"noopener noreferrer\"><!-- [et_pb_line_break_holder] --><img decoding=\"async\" style=\"margin-left:25px; opacity: .5\" src=\"https:\/\/i0.wp.com\/certo.inoe.ro\/test\/wp-content\/uploads\/2020\/09\/resumelogo.png?w=25\" data-recalc-dims=\"1\"\/><!-- [et_pb_line_break_holder] -->  <!-- [et_pb_line_break_holder] --><\/a><!-- [et_pb_line_break_holder] --><\/div>[\/et_pb_code][\/et_pb_column][et_pb_column type=&#8221;1_3&#8243; _builder_version=&#8221;4.16&#8243; _module_preset=&#8221;default&#8221; global_colors_info=&#8221;{}&#8221;][et_pb_team_member name=&#8221;Lucian Cristian Ratoiu&#8221; position=&#8221;Cercet\u0103tor \u0218tiin\u021bific III&#8221; image_url=&#8221;http:\/\/certo.inoe.ro\/test\/wp-content\/uploads\/2023\/10\/lucian_ratoiu_2022-248&#215;300.jpg&#8221; _builder_version=&#8221;4.21.0&#8243; width=&#8221;100%&#8221; max_width=&#8221;100%&#8221; min_height=&#8221;690.3px&#8221; custom_margin=&#8221;|88px||||&#8221; custom_padding=&#8221;|1px|0px|0px||&#8221; global_colors_info=&#8221;{}&#8221;]<p>Lucian este licen\u021biat \u00een Arte Vizuale \u0219i are un master \u00een acela\u0219i domeniu cu specializare \u00een Conservare &#8211; Restaurare, ambele la Universitatea Na\u021bional\u0103 de Arte din Bucure\u0219ti. \u00cen 2020 a ob\u021binut doctoratul \u00een Arte Vizuale cu o tez\u0103 referitoare la Teoria Conserv\u0103rii. Aria sa de cercetare se refer\u0103 la aplicarea analizei imagistice multispectrale \u0219i hiperspectrale \u00een investigarea operelor de art\u0103. O alt\u0103 preocupare important\u0103 a cercet\u0103rii sale este aceea de a stabili o leg\u0103tur\u0103 \u00eentre teoria, \u0219tiin\u021ba \u0219i practica restaur\u0103rii \u0219i \u0219tiin\u021ba conserv\u0103rii.<\/p>[\/et_pb_team_member][et_pb_code _builder_version=&#8221;4.21.0&#8243; custom_padding=&#8221;0px|||||&#8221; global_colors_info=&#8221;{}&#8221;]<div target=\"_blank\" style=\"text-align: center;\"><!-- [et_pb_line_break_holder] --><a href=\"https:\/\/www.researchgate.net\/profile\/Lucian_Ratoiu2\"><!-- [et_pb_line_break_holder] --><img decoding=\"async\" style=\"\"width=\"25\" src=\"https:\/\/i0.wp.com\/certo.inoe.ro\/test\/wp-content\/uploads\/2020\/09\/researchgate.png?w=25\" data-recalc-dims=\"1\"\/><!-- [et_pb_line_break_holder] -->  <!-- [et_pb_line_break_holder] --><\/a><!-- [et_pb_line_break_holder] --><a target=\"_blank\" href=\"\" rel=\"noopener noreferrer\"><!-- [et_pb_line_break_holder] --><img decoding=\"async\" style=\"margin-left:25px; opacity: .5\" src=\"https:\/\/i0.wp.com\/certo.inoe.ro\/test\/wp-content\/uploads\/2020\/09\/resumelogo.png?w=25\" data-recalc-dims=\"1\"\/><!-- [et_pb_line_break_holder] -->  <!-- [et_pb_line_break_holder] --><\/a><!-- [et_pb_line_break_holder] --><\/div>[\/et_pb_code][\/et_pb_column][et_pb_column type=&#8221;1_3&#8243; _builder_version=&#8221;4.16&#8243; _module_preset=&#8221;default&#8221; global_colors_info=&#8221;{}&#8221;][et_pb_team_member name=&#8221;Ioana Maria Cortea&#8221; position=&#8221;Cercet\u0103tor \u0218tiin\u021bific III&#8221; image_url=&#8221;http:\/\/certo.inoe.ro\/test\/wp-content\/uploads\/2020\/09\/img_ic-248&#215;300.jpg&#8221; _builder_version=&#8221;4.21.0&#8243; width=&#8221;100%&#8221; max_width=&#8221;100%&#8221; min_height=&#8221;516.6px&#8221; custom_padding=&#8221;|0px|16px|||&#8221; global_colors_info=&#8221;{}&#8221;]<p>Ioana de\u021bine un master \u00een \u0218tiin\u021ba Patrimoniului \u0219i un doctorat \u00een fizic\u0103 ob\u021binut \u00een cadrul Universit\u0103\u021bii Politehnica din Bucure\u0219ti. Principalele sale interese de cercetare se concentreaz\u0103 pe aplicarea tehnicilor spectroscopice nedistructive \u00een investigarea obiectelor de art\u0103 \u0219i arheologie. Competen\u021be tehnice: spectroscopie vibra\u021bional\u0103 (IR, Raman), fluorescen\u021b\u0103 cu raze X, analiz\u0103 multivariat\u0103.<\/p>[\/et_pb_team_member][et_pb_code _builder_version=&#8221;4.21.0&#8243; custom_padding=&#8221;|202px||||&#8221; global_colors_info=&#8221;{}&#8221;]<div target=\"_blank\" style=\"text-align: center;\"><!-- [et_pb_line_break_holder] --><a href=\"https:\/\/www.researchgate.net\/profile\/Ioana_Cortea\"><!-- [et_pb_line_break_holder] --><img decoding=\"async\" style=\"\"width=\"25\" src=\"https:\/\/i0.wp.com\/certo.inoe.ro\/test\/wp-content\/uploads\/2020\/09\/researchgate.png?w=25\" data-recalc-dims=\"1\"\/><!-- [et_pb_line_break_holder] -->  <!-- [et_pb_line_break_holder] --><\/a><!-- [et_pb_line_break_holder] --><a target=\"_blank\" href=\"https:\/\/certo.inoe.ro\/test\/wp-content\/uploads\/2023\/11\/Cortea-CV-ENG-2023-_-newEuropass.pdf\" rel=\"noopener noreferrer\"><!-- [et_pb_line_break_holder] --><img decoding=\"async\" style=\"margin-left:25px; opacity: .5\" src=\"https:\/\/i0.wp.com\/certo.inoe.ro\/test\/wp-content\/uploads\/2020\/09\/resumelogo.png?w=25\" data-recalc-dims=\"1\"\/><!-- [et_pb_line_break_holder] -->  <!-- [et_pb_line_break_holder] --><\/a><!-- [et_pb_line_break_holder] --><\/div>[\/et_pb_code][\/et_pb_column][\/et_pb_row][et_pb_row column_structure=&#8221;1_3,1_3,1_3&#8243; _builder_version=&#8221;4.21.0&#8243; global_colors_info=&#8221;{}&#8221;][et_pb_column type=&#8221;1_3&#8243; _builder_version=&#8221;4.16&#8243; custom_padding=&#8221;|||&#8221; global_colors_info=&#8221;{}&#8221; custom_padding__hover=&#8221;|||&#8221;][et_pb_team_member name=&#8221;Andreea-Maria P\u0103tra\u0219cu&#8221; position=&#8221;Asistent Cercet\u0103tor&#8221; image_url=&#8221;http:\/\/certo.inoe.ro\/test\/wp-content\/uploads\/2023\/10\/andreea_patrascu-248&#215;300.jpg&#8221; _builder_version=&#8221;4.21.0&#8243; width=&#8221;100%&#8221; max_width=&#8221;69%&#8221; min_height=&#8221;577.4px&#8221; custom_padding=&#8221;|0px|32px|3px||&#8221; hover_enabled=&#8221;0&#8243; global_colors_info=&#8221;{}&#8221; custom_margin=&#8221;|113px||||&#8221; sticky_enabled=&#8221;0&#8243;]<p>Andreea este licen\u021biat\u0103 \u00een Matematic\u0103 \u0219i Informatic\u0103 Aplicat\u0103 \u00een Inginerie \u00een cadrul Universit\u0103\u021bii Politehnica din Bucure\u0219ti, iar \u00een prezent urmeaz\u0103 masteratul Design de Produs \u0219i Inginerie Inovativ\u0103 la aceea\u0219i universitate. Domeniul ei de cercetare se axeaz\u0103 pe investiga\u021bii ale patrimoniului cultural folosind LDV (Laser Doppler Vibrometry) \u0219i aplica\u021bii de teledetec\u021bie UAV (Unmanned Aerial Vehicle).<\/p>[\/et_pb_team_member][et_pb_code _builder_version=&#8221;4.21.0&#8243; min_height=&#8221;39.9px&#8221; custom_margin=&#8221;|117px||||&#8221; global_colors_info=&#8221;{}&#8221;]<div target=\"_blank\" style=\"text-align: center;\"><!-- [et_pb_line_break_holder] --><a href=\"https:\/\/www.researchgate.net\/profile\/Maria-Andreea-Patrascu\"><!-- [et_pb_line_break_holder] --><img decoding=\"async\" style=\"\"width=\"25\" src=\"https:\/\/i0.wp.com\/certo.inoe.ro\/test\/wp-content\/uploads\/2020\/09\/researchgate.png?w=25\" data-recalc-dims=\"1\"\/><!-- [et_pb_line_break_holder] -->  <!-- [et_pb_line_break_holder] --><\/a><!-- [et_pb_line_break_holder] --><a target=\"_blank\" href=\"#\" rel=\"noopener noreferrer\"><!-- [et_pb_line_break_holder] --><img decoding=\"async\" style=\"margin-left:25px; opacity: .5\" src=\"https:\/\/i0.wp.com\/certo.inoe.ro\/test\/wp-content\/uploads\/2020\/09\/resumelogo.png?w=25\" data-recalc-dims=\"1\"\/><!-- [et_pb_line_break_holder] -->  <!-- [et_pb_line_break_holder] --><\/a><!-- [et_pb_line_break_holder] --><\/div>[\/et_pb_code][\/et_pb_column][et_pb_column type=&#8221;1_3&#8243; _builder_version=&#8221;4.16&#8243; custom_padding=&#8221;|||&#8221; global_colors_info=&#8221;{}&#8221; custom_padding__hover=&#8221;|||&#8221;][et_pb_team_member name=&#8221;Vlad Alexandru Cristea&#8221; position=&#8221;Asistent Cercet\u0103tor&#8221; image_url=&#8221;https:\/\/certo.inoe.ro\/test\/wp-content\/uploads\/2025\/07\/Vlad-C.jpg&#8221; _builder_version=&#8221;4.21.0&#8243; width=&#8221;86.2%&#8221; max_width=&#8221;100%&#8221; min_height=&#8221;613.6px&#8221; custom_margin=&#8221;|536px|10px|-1px||&#8221; custom_padding=&#8221;|0px|0px|0px||&#8221; global_colors_info=&#8221;{}&#8221;]<p>Vlad este licen\u021biat \u00een Inginerie Medical\u0103 de la Universitatea Politehnica din Bucure\u0219ti, iar \u00een prezent urmeaz\u0103 un masterat \u00een Telecomunica\u021bii la aceea\u0219i universitate. Domeniul s\u0103u de cercetare este axat pe investigarea patrimoniului cultural folosind aplica\u021bii de teledetec\u021bie UAV (Unmanned Aerial Vehicle) \u0219i GPR (Ground Penetraiting Radar).<\/p>[\/et_pb_team_member][\/et_pb_column][et_pb_column type=&#8221;1_3&#8243; _builder_version=&#8221;4.16&#8243; custom_padding=&#8221;|||&#8221; global_colors_info=&#8221;{}&#8221; custom_padding__hover=&#8221;|||&#8221;][et_pb_team_member name=&#8221;Corina Ioana Bor\u0219&#8221; position=&#8221;Cercet\u0103tor \u0218tiin\u021bific III&#8221; image_url=&#8221;https:\/\/certo.inoe.ro\/test\/wp-content\/uploads\/2025\/07\/Corina-B.jpg&#8221; _builder_version=&#8221;4.21.0&#8243; width=&#8221;100%&#8221; max_width=&#8221;100%&#8221; min_height=&#8221;613.5px&#8221; custom_margin=&#8221;8px|556px|10px|0px|false|false&#8221; custom_padding=&#8221;|4px|0px|0px||&#8221; global_colors_info=&#8221;{}&#8221;]<p>Corina este licen\u021biat\u0103 \u00een Istorie cu specializarea Istorie Antic\u0103 \u0219i Arheologie la Universitatea din Bucure\u0219ti, unde a absolvit \u0219i un masterat \u00een Istorie Antic\u0103 \u0219i Arheologie Greco-Roman\u0103. \u0218i-a ob\u021binut doctoratul \u00een istorie la Universitatea Valahia din T\u00e2rgovi\u0219te, cu cercet\u0103ri axate pe arheologia preistoric\u0103. Corina este arheolog \u0219i cercet\u0103tor \u0219tiin\u021bific III, specializat\u0103 \u00een artefacte preistorice din epoca bronzului \u0219i perioadele Hallstatt.<\/p>[\/et_pb_team_member][\/et_pb_column][\/et_pb_row][et_pb_row column_structure=&#8221;1_3,1_3,1_3&#8243; _builder_version=&#8221;4.21.0&#8243; global_colors_info=&#8221;{}&#8221;][et_pb_column type=&#8221;1_3&#8243; _builder_version=&#8221;4.21.0&#8243; _module_preset=&#8221;default&#8221; global_colors_info=&#8221;{}&#8221;][et_pb_team_member name=&#8221;Lumini\u021ba Constantin&#8221; position=&#8221;Tehnician&#8221; image_url=&#8221;http:\/\/certo.inoe.ro\/test\/wp-content\/uploads\/2020\/10\/img_lc.jpg&#8221; _builder_version=&#8221;4.21.0&#8243; width=&#8221;81.1%&#8221; max_width=&#8221;100%&#8221; min_height=&#8221;613.6px&#8221; custom_margin=&#8221;|536px|10px|-1px||&#8221; custom_padding=&#8221;|0px|0px|0px||&#8221; global_colors_info=&#8221;{}&#8221;]<p>Lumini\u021ba a absolvit \u00een anul 2007 Colegiul Universitar de Tehnologii Asistate de Calculator din cadrul Facult\u0103\u021bii de Fizic\u0103, Universitatea din Bucure\u0219ti.<\/p>\n<p>Activitatea ei se axeaz\u0103 pe achizi\u021bia de date cu ajutorul colorimetrului \u0219i al microscoapelor, precum \u0219i pe digitizarea \u0219i introducerea \u00een baze de date.<\/p>[\/et_pb_team_member][\/et_pb_column][et_pb_column type=&#8221;1_3&#8243; _builder_version=&#8221;4.16&#8243; custom_padding=&#8221;|||&#8221; global_colors_info=&#8221;{}&#8221; custom_padding__hover=&#8221;|||&#8221;][et_pb_team_member name=&#8221;Cristian Mihai Dorojan&#8221; position=&#8221;Tehnician&#8221; image_url=&#8221;https:\/\/certo.inoe.ro\/test\/wp-content\/uploads\/2024\/01\/WhatsApp-Image-2024-01-30-at-15.45.15.jpeg&#8221; _builder_version=&#8221;4.21.0&#8243; width=&#8221;96.7%&#8221; max_width=&#8221;100%&#8221; min_height=&#8221;566.6px&#8221; custom_margin=&#8221;|556px|10px|0px||&#8221; custom_padding=&#8221;|70px|0px|0px||&#8221; global_colors_info=&#8221;{}&#8221;]<p>Cristian <span>se ocupa de men\u021binerea \u00een stare perfect\u0103 de func\u021bionare a echipamentelor \u0219i SDV-urilor, studierea documenta\u021biei tehnice \u0219i asigurarea aprovizion\u0103rii cu materii prime, materiale \u0219i DMM pentru \u00eendeplinirea sarcinilor de serviciu.<\/span><\/p>[\/et_pb_team_member][\/et_pb_column][et_pb_column type=&#8221;1_3&#8243; _builder_version=&#8221;4.16&#8243; custom_padding=&#8221;|||&#8221; global_colors_info=&#8221;{}&#8221; custom_padding__hover=&#8221;|||&#8221;][et_pb_team_member name=&#8221;Marilena Claudia Stancu&#8221; position=&#8221;Economist&#8221; image_url=&#8221;http:\/\/certo.inoe.ro\/test\/wp-content\/uploads\/2020\/10\/img_ms.jpg&#8221; _builder_version=&#8221;4.21.0&#8243; width=&#8221;100%&#8221; max_width=&#8221;100%&#8221; min_height=&#8221;643.4px&#8221; custom_margin=&#8221;||73px|||&#8221; custom_padding=&#8221;|6px|0px|||&#8221; global_colors_info=&#8221;{}&#8221;][\/et_pb_team_member][\/et_pb_column][\/et_pb_row][\/et_pb_section]\n","protected":false},"excerpt":{"rendered":"<p>Monica Dinu este Cercet\u0103tor \u0218tiin\u021bific I \u00een cadrul INOE2000. De\u021bine un masterat \u00een spectroscopie, plasm\u0103, lasere \u0219i un doctorat \u00een fizic\u0103 ob\u021binut la Universitatea Politehnic\u0103 din Bucure\u0219ti. Principalele sale interese de cercetare \u0219i experien\u021ba sa se concentreaz\u0103 pe tehnicile spectroscopice cu laser pentru investigarea \u0219i diagnosticarea operelor de art\u0103, precum \u0219i pe studii privind efectele [&hellip;]<\/p>\n","protected":false},"author":1,"featured_media":0,"parent":0,"menu_order":0,"comment_status":"closed","ping_status":"closed","template":"","meta":{"_et_pb_use_builder":"on","_et_pb_old_content":"","_et_gb_content_width":"","jetpack_post_was_ever_published":false,"footnotes":""},"jetpack_sharing_enabled":true,"jetpack_shortlink":"https:\/\/wp.me\/PaKFbv-IY","_links":{"self":[{"href":"https:\/\/certo.inoe.ro\/test\/wp-json\/wp\/v2\/pages\/2788"}],"collection":[{"href":"https:\/\/certo.inoe.ro\/test\/wp-json\/wp\/v2\/pages"}],"about":[{"href":"https:\/\/certo.inoe.ro\/test\/wp-json\/wp\/v2\/types\/page"}],"author":[{"embeddable":true,"href":"https:\/\/certo.inoe.ro\/test\/wp-json\/wp\/v2\/users\/1"}],"replies":[{"embeddable":true,"href":"https:\/\/certo.inoe.ro\/test\/wp-json\/wp\/v2\/comments?post=2788"}],"version-history":[{"count":31,"href":"https:\/\/certo.inoe.ro\/test\/wp-json\/wp\/v2\/pages\/2788\/revisions"}],"predecessor-version":[{"id":3334,"href":"https:\/\/certo.inoe.ro\/test\/wp-json\/wp\/v2\/pages\/2788\/revisions\/3334"}],"wp:attachment":[{"href":"https:\/\/certo.inoe.ro\/test\/wp-json\/wp\/v2\/media?parent=2788"}],"curies":[{"name":"wp","href":"https:\/\/api.w.org\/{rel}","templated":true}]}}